 composite number?
True
Suppose 3*j + 3*a = 31 + 23, -5*a - 70 = -5*j. Suppose j*r - 835 = 1453. Is r prime?
False
Suppose 26*t - 304977 = 647897. Is t composite?
True
Let b = 675 - -9998. Is b prime?
False
Is (57614 - -3)*(-13 - -14) prime?
False
Let p = 201 - 118. Suppose -756 = m - 4*m + 3*i, m - 4*i = 252. Suppose -4*w - r + m = 3*r, w - 4*r - p = 0. Is w composite?
False
Let y = -3415 - -6192. Is y a composite number?
False
Suppose -2*w - 4*m = -4, w + 3*m + 2 = -m. Suppose -4*r + 98 = w. Is r composite?
False
Suppose -7*u - 40497 = 10323. Is (-2)/(-7) + u/(-21) prime?
False
Let m(k) = -2*k - 2. Let l(q) = 2*q + 2. Let f(v) = 3*l(v) + 2*m(v). Let c be f(0). Suppose c*z = -3*z + 455. Is z composite?
True
Let w be (-1)/((1/(-2))/(-1)). Suppose -5*o - 28 = -3*b, b = -o + 3*b - 7. Is o + w + 5 - -25 a prime number?
True
Let w(l) = 7*l - 2 - 8 + 9*l**2 + 3 + 4 + l**3. Let h be w(-8). Is h*45 - (5 + -3) a prime number?
True
Let g be (-2)/((1/(-128))/(-1)). Suppose -1095 = 5*v - 2*v. Let z = g - v. Is z a composite number?
False
Suppose -2*b + 20*b = 78444. Is b a prime number?
False
Let g(m) = m - 4. Let i be 11 - (2/1)/1. Let b be g(i). Suppose 955 = b*t - 0*t. Is t composite?
False
Let p = 199 - 196. Let z(w) = w**3 + w**2 + w + 172. Let l be z(0). Suppose -p*j = l - 511. Is j composite?
False
Is (-2 + (-138)/(-30))*(-5620)/(-4) composite?
True
Suppose 0 = -7*k + 5 + 2. Suppose 0 = j - 2 - k. Is j/(-3)*(-1480 + -1) a prime number?
True
Suppose -2*f + 4*m = -m + 36, -5*f - 113 = -m. Let t = 102 + f. Is t composite?
False
Suppose -6 = -5*x - 1. Let j be (x*4)/((-10)/(-395)). Suppose 3*o = -2*r - 0*r + j, 0 = 2*o. Is r prime?
True
Let b(p) = 2*p**3 - 5*p**2 - 10*p - 43. Suppose 0 = -10*g + 77 + 23. Is b(g) composite?
True
Let t be -381*4/(-9) + 4/6. Suppose 2*b = 5*q + 1105, -1515 = -3*b + 2*q + t. Is b composite?
True
Let y = 42 - -618. Suppose -z = z - y. Suppose 2*j + 4*j = z. Is j a prime number?
False
Is 28941/66*(2 - 0) a prime number?
True
Let c(x) = -20*x + 10. Let n be c(4). Is (n/4)/(1/(-2)) a composite number?
True
Suppose 38*l = -41*l + 164399. Is l a prime number?
True
Suppose -2*y = 4*i - 17350, -2*y + 3*i - 26010 = -5*y. Suppose 0 = 6*d - 11*d + y. Is d a prime number?
True
Suppose 8910 = -6*y - 534. Is (-6)/(-1)*y/(-12) prime?
True
Suppose -15 = -3*z, -4*c = z - 3*z - 6. Suppose 2*g = -2*f - 2*g + 1426, -f - c*g + 703 = 0. Is f composite?
True
Let p = 19 - 6. Let f = 18 - p. Is f/((-15)/(-639)) + -2 composite?
False
Suppose 1 + 7 = -4*x. Let c be 4828/(-18) - x/9. Let y = c + 501. Is y a prime number?
True
Let k be 42/(-15) - 4/20. Is 12/(k + 6) + 157 composite?
True
Suppose 0*l + 8 = l. Let j = -21 - l. Let n = 88 + j. Is n a composite number?
False
Let g = 19 + -7. Suppose -4*c + c - g = 0. Is 5868/20 - c/(-10) a composite number?
False
Is (-3)/((1 - 2)/1663) a prime number?
False
Suppose -3324 = -5*g + 3076. Suppose 3*p = -k + 1922, -2*k = 5*p - 3*p - g. Is p composite?
False
Let g(y) = 462*y + 31. Is g(2) composite?
True
Suppose 3*a - 2 = w + 2*a, 0 = -5*w - a + 14. Suppose 4*v = c - 6*c + 197, -w*v - 5*c + 111 = 0. Is v prime?
True
Let m be 3725/(-20)*-3 + 2/8. Suppose 417 = l + 3*f, f - 1383 = -2*l - m. Is l prime?
False
Let d(x) = -2 + 4*x + 2. Let o be d(1). Suppose o*j - 5*w - 107 = 0, -w = 5*j - 151 + 39. Is j a composite number?
False
Let b = 1962 + -1273. Let l be (3 - b)*(-3)/6. Suppose 559 + l = 2*j. Is j a composite number?
True
Let r(w) = 3456*w**2 - 12*w + 11. Is r(1) composite?
True
Suppose 4*k + 0*k - 4504 = -3*b, -1135 = -k - 3*b. Is k a composite number?
False
Suppose 2*r = -2*u + r + 1, u = r + 5. Suppose 2*h = -2*w + 1958, -u*h - 3*h = 3*w - 2947. Is w a prime number?
False
Suppose 5073 = -11*x + 49942. Is x prime?
True
Let v = 6 - 4. Suppose -3 = u + 4*w - 29, -v*u + 12 = -2*w. Is u composite?
True
Let k be -14 + (-6)/(0 - 3). Let z be (k/(-8))/(3/4). Suppose z*i + i - 153 = 0. Is i a composite number?
True
Suppose 3*w = -0*o + 5*o + 1, 3*w = -5*o + 11. Let t(n) = n**2 - n - 2. Let i be t(w). Suppose 0*d - 4*d + 308 = i. Is d a composite number?
True
Let n(r) = 13*r**3 - 3*r**2 - 8*r + 1. Let w(l) = -13*l**3 + 3*l**2 + 8*l - 1. Let d(t) = -2*n(t) - 3*w(t). Is d(4) a prime number?
False
Let y be (-1234)/10 - 4/(-10). Let l = 98 + 170. Let o = y + l. Is o composite?
True
Let m be 1/3 + (-1894)/3. Let b = 161 - 41. Let j = b - m. Is j prime?
True
Is 41*-52*(-5)/20 a prime number?
False
Let a(z) = 23*z - 17. Let n be a(4). Let s(v) = v - 4. Let l be s(4). Suppose l = 3*t + 2*t - n. Is t prime?
False
Suppose 22*c + 30*c - 2126228 = 0. Is c a composite number?
True
Let s(p) be the second derivative of 26*p**3/3 - 17*p**2/2 + p. Is s(6) composite?
True
Let j = 43 - 40. Is ((-319)/(-4))/(0 + j/12) a prime number?
False
Suppose -d + 18673 = -5*b, -5*d - 4*b + 93365 = -9*b. Is d prime?
False
Suppose -2*l + 5 - 27 = 0. Let j = 4 + l. Let f(h) = h**3 + 10*h**2 + 10. Is f(j) prime?
True
Let n(o) be the first derivative of o**3 + 7*o + 3*o**2 - 1 - 1/4*o**4. Is n(-6) a composite number?
True
Let u be (-2562)/102 - 2/(-17). Let a = 104 + u. Is a prime?
True
Let k(r) be the first derivative of -121*r**4/4 - r**3/3 - 2*r**2 - 5*r - 12. Is k(-2) a prime number?
True
Let c(x) = -x**2 - 17*x - 33. Let v be c(-14). Is 491 - v/((-45)/(-20)) a prime number?
True
Let d(p) = -p**2 - 5*p + 6. Let t be d(-3). Let z(w) = 5 - 7*w - 5 + 6*w**2 - t. Is z(-9) prime?
False
Is ((-29076)/(-20))/(-5*3/(-75)) a composite number?
True
Let t(n) = -6 + 7*n**2 + 0*n**2 - 8*n**2 - 3*n + 3*n**2. Is t(11) a composite number?
True
Let t(a) = 92*a**2 - 14*a - 31. Is t(-3) a composite number?
False
Suppose -z - 37 = -3*s, -s + z = s - 24. Let h = 18 - s. Suppose 1356 = h*a + 241. Is a prime?
True
Let i(j) = -3*j - 21. Let c be i(-7). Is (-1 - c)*((-15528)/8)/3 a prime number?
True
Suppose -431431 = -3*t - 9*l + l, -5*t + 3*l + 719117 = 0. Is t a prime number?
True
Suppose -349 = -4*w + 2523. Is w/(-1)*(5 + (-55)/10) a composite number?
False
Let k = 2 - 3. Let y be k/(-4) - (-135)/36. Suppose 437 = y*v + u - 6*u, -2*u + 458 = 4*v. Is v a composite number?
False
Let c(f) be the second derivative of 0 - 6*f + 1/2*f**4 - 1/2*f**3 - 2*f**2. Is c(-3) composite?
False
Let x = 32 + -33. Let y(i) = 322*i**2 + 1. Is y(x) composite?
True
Suppose -51633 = -2*l - 4*o + 41317, 0 = 4*o - 20. Is l a prime number?
False
Suppose 2*i + 65 = 3*i. Is (5 - 0)*767/i a prime number?
True
Let z(m) be the third derivative of m**5/30 - 2*m**4/3 - m**3/6 + m**2. Is z(13) a prime number?
False
Suppose 2*b + 2*b = 0. Let u(x) = 5*x + b*x + 11 + x**2 - 3. Is u(5) prime?
False
Suppose -j = -4*j - 21. Is -1 - -1 - (-318 - j) a prime number?
True
Is ((-32)/80 - 14/(-10))*86923 a composite number?
False
Let q = 39 - 37. Suppose -2*f - 3*f - 7170 = -5*s, q*s - 3*f = 2863. Is s composite?
False
Let k(u) = 25*u**2 + 17*u + 161. Is k(-12) prime?
True
Suppose 0 = -6*d - d + 1386. Suppose 4*r = 2006 + d. Is r composite?
True
Suppose -49*t + 275879 = -232104. Is t a composite number?
True
Suppose -3*f = -0 - 6. Let w be (6/(-7))/(f/14). Is (524/(-12) + 0)*w prime?
False
Let f(b) = -11*b**3 + 7*b**2 - 2*b - 13. Is f(-7) prime?
False
Is 2 + 0 + 1 - (-10914 + 20) a prime number?
False
Suppose -5*s + 45 = 1285. Let p = s - -1033. Is p a composite number?
True
Let h(o) = 18*o**2 - 21*o + 152. Is h(35) composite?
False
Let g(v) = -91*v - 6. Let m = -7 - -2. Is g(m) a composite number?
False
Let i = 38 - 34. Suppose -4*z - i*b + 32 = 0, 1 = 2*z - 3*z + 2*b. Suppose 439 = y + 2*o, -z*y + 2*y + 4*o = -1317. Is y prime?
True
Let j = 63 + -36. Let g = 33 - j. Suppose 9*l = g*l + 1398. Is l composite?
True
Let z(p) = 34*p + 3. Let s be z(5). Let g = s + -78. Suppose -5*f + g = 25. Is f a prime number?
False
Let l = 334 - 84. Let q = 2455 + l. Suppose -2*j = 3*j - q. Is j composite?
False
Let m be (-2*6)/((-84)/22120). Suppose -s = 5*l - m, 4*l + 0*s = 4*s + 2504. Is l composite?
False
Let q be ((-20)/8 - -2)*-62. Let y = q - -58. Is y composite?
False
Suppose -4*o - 91 = y, 5*o + 77 = -2*y - 33. Let c(i) = -18*i - 21. Is c(o) a composite number?
True
Is (4/2)/(51/161313) a composite number?
True
Let y = 163203 - 114520. Is y a prime number?
False
Let p be 352/80 + 4/(-10). Suppose 0 = p*i - i - 1497